{"id":18677,"date":"2026-08-28T04:41:56","date_gmt":"2026-08-28T02:41:56","guid":{"rendered":"https:\/\/kanzlei-schueler.de\/de_de\/aktuelles\/bfh\/verlustausgleichsbeschraenkung-fuer-verluste-aus-gewerblicher-tierzucht-tierhaltung-in-%c2%a7-15-abs-4-satz-1-und-2-estg-verfassungsgemaess-vi-r-29-24\/"},"modified":"2026-08-28T04:41:56","modified_gmt":"2026-08-28T02:41:56","slug":"verlustausgleichsbeschraenkung-fuer-verluste-aus-gewerblicher-tierzucht-tierhaltung-in-%c2%a7-15-abs-4-satz-1-und-2-estg-verfassungsgemaess-vi-r-29-24","status":"publish","type":"bfh_urteil","link":"https:\/\/kanzlei-schueler.de\/en\/de_de\/aktuelles\/bfh\/verlustausgleichsbeschraenkung-fuer-verluste-aus-gewerblicher-tierzucht-tierhaltung-in-%c2%a7-15-abs-4-satz-1-und-2-estg-verfassungsgemaess-vi-r-29-24\/","title":{"rendered":"Verlustausgleichsbeschr\u00e4nkung f\u00fcr Verluste aus gewerblicher Tierzucht\/Tierhaltung in \u00a7 15 Abs. 4 Satz 1 und 2 EStG verfassungsgem\u00e4\u00df \u2013 VI R 29\/24"},"content":{"rendered":"<p><strong>Court:<\/strong> Federal Fiscal Court<\/p>\n<p><strong>File number:<\/strong> VI R 29\/24<\/p>\n<p><strong>Decision of:<\/strong> 11.06.2026<\/p>\n<p><strong>Published on:<\/strong> 27.08.2026<\/p>\n<p><strong>Senate:<\/strong> Sixth Senate<\/p>\n<p><strong>Publication type:<\/strong> V<\/p>\n<p><strong>Source:<\/strong> <a href=\"https:\/\/www.bundesfinanzhof.de\/de\/entscheidung\/entscheidungen-online\/detail\/STRE202610158\/\" target=\"_blank\" rel=\"noopener noreferrer\">Original decision at the Federal Fiscal Court<\/a><\/p>\n<p><small>Note: This information is for general information purposes only and does not replace individual legal or tax advice.<\/small><\/p>","protected":false},"template":"","bfh_kategorie":[44],"class_list":["post-18677","bfh_urteil","type-bfh_urteil","status-publish","hentry","bfh_kategorie-einkommensteuer"],"yoast_head":"<!-- This site is optimized with the Yoast SEO plugin v28.4 - https:\/\/yoast.com\/product\/yoast-seo-wordpress\/ -->\n<title>Verlustausgleichsbeschr\u00e4nkung f\u00fcr Verluste aus gewerblicher Tierzucht\/Tierhaltung in \u00a7 15 Abs. 4 Satz 1 und 2 EStG verfassungsgem\u00e4\u00df \u2013 VI R 29\/24 - Fachanwalt in Steuer und Medizinrecht - Verena Sch\u00fcler in Gro\u00df-Gerau | Steuerb\u00fcro | Steuerkanzlei<\/title>\n<meta name=\"robots\" content=\"index, follow, max-snippet:-1, max-image-preview:large, max-video-preview:-1\" \/>\n<link rel=\"canonical\" href=\"https:\/\/kanzlei-schueler.de\/en\/aktuelles\/bfh\/verlustausgleichsbeschraenkung-fuer-verluste-aus-gewerblicher-tierzucht-tierhaltung-in-\u00a7-15-abs-4-satz-1-und-2-estg-verfassungsgemaess-vi-r-29-24\/\" \/>\n<meta property=\"og:locale\" content=\"en_GB\" \/>\n<meta property=\"og:type\" content=\"article\" \/>\n<meta property=\"og:title\" content=\"Verlustausgleichsbeschr\u00e4nkung f\u00fcr Verluste aus gewerblicher Tierzucht\/Tierhaltung in \u00a7 15 Abs. 4 Satz 1 und 2 EStG verfassungsgem\u00e4\u00df \u2013 VI R 29\/24 - Fachanwalt in Steuer und Medizinrecht - Verena Sch\u00fcler in Gro\u00df-Gerau | Steuerb\u00fcro | Steuerkanzlei\" \/>\n<meta property=\"og:description\" content=\"Gericht: Bundesfinanzhof Aktenzeichen: VI R 29\/24 Entscheidung vom: 11.06.2026 Ver\u00f6ffentlicht am: 27.08.2026 Senat: VI. Senat Ver\u00f6ffentlichungsart: V Quelle: Originalentscheidung beim Bundesfinanzhof Hinweis: Die Angaben dienen der allgemeinen Information und ersetzen keine individuelle Rechts- oder Steuerberatung.\" \/>\n<meta property=\"og:url\" content=\"https:\/\/kanzlei-schueler.de\/en\/aktuelles\/bfh\/verlustausgleichsbeschraenkung-fuer-verluste-aus-gewerblicher-tierzucht-tierhaltung-in-\u00a7-15-abs-4-satz-1-und-2-estg-verfassungsgemaess-vi-r-29-24\/\" \/>\n<meta property=\"og:site_name\" content=\"Fachanwalt in Steuer und Medizinrecht - Verena Sch\u00fcler in Gro\u00df-Gerau | Steuerb\u00fcro | Steuerkanzlei\" \/>\n<meta name=\"twitter:card\" content=\"summary_large_image\" \/>\n<script type=\"application\/ld+json\" class=\"yoast-schema-graph\">{\"@context\":\"https:\\\/\\\/schema.org\",\"@graph\":[{\"@type\":\"WebPage\",\"@id\":\"https:\\\/\\\/kanzlei-schueler.de\\\/de_de\\\/aktuelles\\\/bfh\\\/verlustausgleichsbeschraenkung-fuer-verluste-aus-gewerblicher-tierzucht-tierhaltung-in-%c2%a7-15-abs-4-satz-1-und-2-estg-verfassungsgemaess-vi-r-29-24\\\/\",\"url\":\"https:\\\/\\\/kanzlei-schueler.de\\\/de_de\\\/aktuelles\\\/bfh\\\/verlustausgleichsbeschraenkung-fuer-verluste-aus-gewerblicher-tierzucht-tierhaltung-in-%c2%a7-15-abs-4-satz-1-und-2-estg-verfassungsgemaess-vi-r-29-24\\\/\",\"name\":\"Verlustausgleichsbeschr\u00e4nkung f\u00fcr Verluste aus gewerblicher Tierzucht\\\/Tierhaltung in \u00a7 15 Abs. 4 Satz 1 und 2 EStG verfassungsgem\u00e4\u00df \u2013 VI R 29\\\/24 - Fachanwalt in Steuer und Medizinrecht - Verena Sch\u00fcler in Gro\u00df-Gerau | Steuerb\u00fcro | Steuerkanzlei\",\"isPartOf\":{\"@id\":\"https:\\\/\\\/kanzlei-schueler.de\\\/#website\"},\"datePublished\":\"2026-08-28T02:41:56+00:00\",\"breadcrumb\":{\"@id\":\"https:\\\/\\\/kanzlei-schueler.de\\\/de_de\\\/aktuelles\\\/bfh\\\/verlustausgleichsbeschraenkung-fuer-verluste-aus-gewerblicher-tierzucht-tierhaltung-in-%c2%a7-15-abs-4-satz-1-und-2-estg-verfassungsgemaess-vi-r-29-24\\\/#breadcrumb\"},\"inLanguage\":\"en-GB\",\"potentialAction\":[{\"@type\":\"ReadAction\",\"target\":[\"https:\\\/\\\/kanzlei-schueler.de\\\/de_de\\\/aktuelles\\\/bfh\\\/verlustausgleichsbeschraenkung-fuer-verluste-aus-gewerblicher-tierzucht-tierhaltung-in-%c2%a7-15-abs-4-satz-1-und-2-estg-verfassungsgemaess-vi-r-29-24\\\/\"]}]},{\"@type\":\"BreadcrumbList\",\"@id\":\"https:\\\/\\\/kanzlei-schueler.de\\\/de_de\\\/aktuelles\\\/bfh\\\/verlustausgleichsbeschraenkung-fuer-verluste-aus-gewerblicher-tierzucht-tierhaltung-in-%c2%a7-15-abs-4-satz-1-und-2-estg-verfassungsgemaess-vi-r-29-24\\\/#breadcrumb\",\"itemListElement\":[{\"@type\":\"ListItem\",\"position\":1,\"name\":\"Start\",\"item\":\"https:\\\/\\\/kanzlei-schueler.de\\\/de_de\\\/\"},{\"@type\":\"ListItem\",\"position\":2,\"name\":\"Verlustausgleichsbeschr\u00e4nkung f\u00fcr Verluste aus gewerblicher Tierzucht\\\/Tierhaltung in \u00a7 15 Abs. 4 Satz 1 und 2 EStG verfassungsgem\u00e4\u00df \u2013 VI R 29\\\/24\"}]},{\"@type\":\"WebSite\",\"@id\":\"https:\\\/\\\/kanzlei-schueler.de\\\/#website\",\"url\":\"https:\\\/\\\/kanzlei-schueler.de\\\/\",\"name\":\"Kanzlei Sch\u00fcler in Gro\u00df-Gerau | Startseite\",\"description\":\"Fachanwalt in Steuer und Medizinrecht - Verena Sch\u00fcler in Gro\u00df-Gerau | Steuerb\u00fcro | Steuerkanzlei \",\"potentialAction\":[{\"@type\":\"SearchAction\",\"target\":{\"@type\":\"EntryPoint\",\"urlTemplate\":\"https:\\\/\\\/kanzlei-schueler.de\\\/?s={search_term_string}\"},\"query-input\":{\"@type\":\"PropertyValueSpecification\",\"valueRequired\":true,\"valueName\":\"search_term_string\"}}],\"inLanguage\":\"en-GB\"}]}<\/script>\n<!-- \/ Yoast SEO plugin. -->","yoast_head_json":{"title":"Verlustausgleichsbeschr\u00e4nkung f\u00fcr Verluste aus gewerblicher Tierzucht\/Tierhaltung in \u00a7 15 Abs. 4 Satz 1 und 2 EStG verfassungsgem\u00e4\u00df \u2013 VI R 29\/24 - Fachanwalt in Steuer und Medizinrecht - Verena Sch\u00fcler in Gro\u00df-Gerau | Steuerb\u00fcro | Steuerkanzlei","robots":{"index":"index","follow":"follow","max-snippet":"max-snippet:-1","max-image-preview":"max-image-preview:large","max-video-preview":"max-video-preview:-1"},"canonical":"https:\/\/kanzlei-schueler.de\/en\/aktuelles\/bfh\/verlustausgleichsbeschraenkung-fuer-verluste-aus-gewerblicher-tierzucht-tierhaltung-in-\u00a7-15-abs-4-satz-1-und-2-estg-verfassungsgemaess-vi-r-29-24\/","og_locale":"en_GB","og_type":"article","og_title":"Verlustausgleichsbeschr\u00e4nkung f\u00fcr Verluste aus gewerblicher Tierzucht\/Tierhaltung in \u00a7 15 Abs. 4 Satz 1 und 2 EStG verfassungsgem\u00e4\u00df \u2013 VI R 29\/24 - Fachanwalt in Steuer und Medizinrecht - Verena Sch\u00fcler in Gro\u00df-Gerau | Steuerb\u00fcro | Steuerkanzlei","og_description":"Gericht: Bundesfinanzhof Aktenzeichen: VI R 29\/24 Entscheidung vom: 11.06.2026 Ver\u00f6ffentlicht am: 27.08.2026 Senat: VI. Senat Ver\u00f6ffentlichungsart: V Quelle: Originalentscheidung beim Bundesfinanzhof Hinweis: Die Angaben dienen der allgemeinen Information und ersetzen keine individuelle Rechts- oder Steuerberatung.","og_url":"https:\/\/kanzlei-schueler.de\/en\/aktuelles\/bfh\/verlustausgleichsbeschraenkung-fuer-verluste-aus-gewerblicher-tierzucht-tierhaltung-in-\u00a7-15-abs-4-satz-1-und-2-estg-verfassungsgemaess-vi-r-29-24\/","og_site_name":"Fachanwalt in Steuer und Medizinrecht - Verena Sch\u00fcler in Gro\u00df-Gerau | Steuerb\u00fcro | Steuerkanzlei","twitter_card":"summary_large_image","schema":{"@context":"https:\/\/schema.org","@graph":[{"@type":"WebPage","@id":"https:\/\/kanzlei-schueler.de\/de_de\/aktuelles\/bfh\/verlustausgleichsbeschraenkung-fuer-verluste-aus-gewerblicher-tierzucht-tierhaltung-in-%c2%a7-15-abs-4-satz-1-und-2-estg-verfassungsgemaess-vi-r-29-24\/","url":"https:\/\/kanzlei-schueler.de\/de_de\/aktuelles\/bfh\/verlustausgleichsbeschraenkung-fuer-verluste-aus-gewerblicher-tierzucht-tierhaltung-in-%c2%a7-15-abs-4-satz-1-und-2-estg-verfassungsgemaess-vi-r-29-24\/","name":"Verlustausgleichsbeschr\u00e4nkung f\u00fcr Verluste aus gewerblicher Tierzucht\/Tierhaltung in \u00a7 15 Abs. 4 Satz 1 und 2 EStG verfassungsgem\u00e4\u00df \u2013 VI R 29\/24 - Fachanwalt in Steuer und Medizinrecht - Verena Sch\u00fcler in Gro\u00df-Gerau | Steuerb\u00fcro | Steuerkanzlei","isPartOf":{"@id":"https:\/\/kanzlei-schueler.de\/#website"},"datePublished":"2026-08-28T02:41:56+00:00","breadcrumb":{"@id":"https:\/\/kanzlei-schueler.de\/de_de\/aktuelles\/bfh\/verlustausgleichsbeschraenkung-fuer-verluste-aus-gewerblicher-tierzucht-tierhaltung-in-%c2%a7-15-abs-4-satz-1-und-2-estg-verfassungsgemaess-vi-r-29-24\/#breadcrumb"},"inLanguage":"en-GB","potentialAction":[{"@type":"ReadAction","target":["https:\/\/kanzlei-schueler.de\/de_de\/aktuelles\/bfh\/verlustausgleichsbeschraenkung-fuer-verluste-aus-gewerblicher-tierzucht-tierhaltung-in-%c2%a7-15-abs-4-satz-1-und-2-estg-verfassungsgemaess-vi-r-29-24\/"]}]},{"@type":"BreadcrumbList","@id":"https:\/\/kanzlei-schueler.de\/de_de\/aktuelles\/bfh\/verlustausgleichsbeschraenkung-fuer-verluste-aus-gewerblicher-tierzucht-tierhaltung-in-%c2%a7-15-abs-4-satz-1-und-2-estg-verfassungsgemaess-vi-r-29-24\/#breadcrumb","itemListElement":[{"@type":"ListItem","position":1,"name":"Start","item":"https:\/\/kanzlei-schueler.de\/de_de\/"},{"@type":"ListItem","position":2,"name":"Verlustausgleichsbeschr\u00e4nkung f\u00fcr Verluste aus gewerblicher Tierzucht\/Tierhaltung in \u00a7 15 Abs. 4 Satz 1 und 2 EStG verfassungsgem\u00e4\u00df \u2013 VI R 29\/24"}]},{"@type":"WebSite","@id":"https:\/\/kanzlei-schueler.de\/#website","url":"https:\/\/kanzlei-schueler.de\/","name":"Law firm Sch\u00fcler in Gro\u00df-Gerau | Homepage","description":"Fachanwalt in Steuer und Medizinrecht - Verena Sch\u00fcler in Gro\u00df-Gerau | Steuerb\u00fcro | Steuerkanzlei","potentialAction":[{"@type":"SearchAction","target":{"@type":"EntryPoint","urlTemplate":"https:\/\/kanzlei-schueler.de\/?s={search_term_string}"},"query-input":{"@type":"PropertyValueSpecification","valueRequired":true,"valueName":"search_term_string"}}],"inLanguage":"en-GB"}]}},"jetpack_sharing_enabled":true,"_links":{"self":[{"href":"https:\/\/kanzlei-schueler.de\/en\/wp-json\/wp\/v2\/bfh_urteil\/18677","targetHints":{"allow":["GET"]}}],"collection":[{"href":"https:\/\/kanzlei-schueler.de\/en\/wp-json\/wp\/v2\/bfh_urteil"}],"about":[{"href":"https:\/\/kanzlei-schueler.de\/en\/wp-json\/wp\/v2\/types\/bfh_urteil"}],"wp:attachment":[{"href":"https:\/\/kanzlei-schueler.de\/en\/wp-json\/wp\/v2\/media?parent=18677"}],"wp:term":[{"taxonomy":"bfh_kategorie","embeddable":true,"href":"https:\/\/kanzlei-schueler.de\/en\/wp-json\/wp\/v2\/bfh_kategorie?post=18677"}],"curies":[{"name":"wp","href":"https:\/\/api.w.org\/{rel}","templated":true}]}}

Verlustausgleichsbeschränkung für Verluste aus gewerblicher Tierzucht/Tierhaltung in § 15 Abs. 4 Satz 1 und 2 EStG verfassungsgemäß – VI R 29/24

<!-- This site is optimized with the Yoast SEO plugin v28.4 - https://yoast.com/product/yoast-seo-wordpress/ -->
<title>Verlustausgleichsbeschränkung für Verluste aus gewerblicher Tierzucht/Tierhaltung in § 15 Abs. 4 Satz 1 und 2 EStG verfassungsgemäß – VI R 29/24 - Fachanwalt in Steuer und Medizinrecht - Verena Schüler in Groß-Gerau | Steuerbüro | Steuerkanzlei</title>
<meta name="robots" content="index, follow, max-snippet:-1, max-image-preview:large, max-video-preview:-1" />
<link rel="canonical" href="https://kanzlei-schueler.de/en/aktuelles/bfh/verlustausgleichsbeschraenkung-fuer-verluste-aus-gewerblicher-tierzucht-tierhaltung-in-§-15-abs-4-satz-1-und-2-estg-verfassungsgemaess-vi-r-29-24/" />
<meta property="og:locale" content="en_GB" />
<meta property="og:type" content="article" />
<meta property="og:title" content="Verlustausgleichsbeschränkung für Verluste aus gewerblicher Tierzucht/Tierhaltung in § 15 Abs. 4 Satz 1 und 2 EStG verfassungsgemäß – VI R 29/24 - Fachanwalt in Steuer und Medizinrecht - Verena Schüler in Groß-Gerau | Steuerbüro | Steuerkanzlei" />
<meta property="og:description" content="Gericht: Bundesfinanzhof Aktenzeichen: VI R 29/24 Entscheidung vom: 11.06.2026 Veröffentlicht am: 27.08.2026 Senat: VI. Senat Veröffentlichungsart: V Quelle: Originalentscheidung beim Bundesfinanzhof Hinweis: Die Angaben dienen der allgemeinen Information und ersetzen keine individuelle Rechts- oder Steuerberatung." />
<meta property="og:url" content="https://kanzlei-schueler.de/en/aktuelles/bfh/verlustausgleichsbeschraenkung-fuer-verluste-aus-gewerblicher-tierzucht-tierhaltung-in-§-15-abs-4-satz-1-und-2-estg-verfassungsgemaess-vi-r-29-24/" />
<meta property="og:site_name" content="Fachanwalt in Steuer und Medizinrecht - Verena Schüler in Groß-Gerau | Steuerbüro | Steuerkanzlei" />
<meta name="twitter:card" content="summary_large_image" />
<script type="application/ld+json" class="yoast-schema-graph">{"@context":"https:\/\/schema.org","@graph":[{"@type":"WebPage","@id":"https:\/\/kanzlei-schueler.de\/de_de\/aktuelles\/bfh\/verlustausgleichsbeschraenkung-fuer-verluste-aus-gewerblicher-tierzucht-tierhaltung-in-%c2%a7-15-abs-4-satz-1-und-2-estg-verfassungsgemaess-vi-r-29-24\/","url":"https:\/\/kanzlei-schueler.de\/de_de\/aktuelles\/bfh\/verlustausgleichsbeschraenkung-fuer-verluste-aus-gewerblicher-tierzucht-tierhaltung-in-%c2%a7-15-abs-4-satz-1-und-2-estg-verfassungsgemaess-vi-r-29-24\/","name":"Verlustausgleichsbeschränkung für Verluste aus gewerblicher Tierzucht\/Tierhaltung in § 15 Abs. 4 Satz 1 und 2 EStG verfassungsgemäß – VI R 29\/24 - Fachanwalt in Steuer und Medizinrecht - Verena Schüler in Groß-Gerau | Steuerbüro | Steuerkanzlei","isPartOf":{"@id":"https:\/\/kanzlei-schueler.de\/#website"},"datePublished":"2026-08-28T02:41:56+00:00","breadcrumb":{"@id":"https:\/\/kanzlei-schueler.de\/de_de\/aktuelles\/bfh\/verlustausgleichsbeschraenkung-fuer-verluste-aus-gewerblicher-tierzucht-tierhaltung-in-%c2%a7-15-abs-4-satz-1-und-2-estg-verfassungsgemaess-vi-r-29-24\/#breadcrumb"},"inLanguage":"en-GB","potentialAction":[{"@type":"ReadAction","target":["https:\/\/kanzlei-schueler.de\/de_de\/aktuelles\/bfh\/verlustausgleichsbeschraenkung-fuer-verluste-aus-gewerblicher-tierzucht-tierhaltung-in-%c2%a7-15-abs-4-satz-1-und-2-estg-verfassungsgemaess-vi-r-29-24\/"]}]},{"@type":"BreadcrumbList","@id":"https:\/\/kanzlei-schueler.de\/de_de\/aktuelles\/bfh\/verlustausgleichsbeschraenkung-fuer-verluste-aus-gewerblicher-tierzucht-tierhaltung-in-%c2%a7-15-abs-4-satz-1-und-2-estg-verfassungsgemaess-vi-r-29-24\/#breadcrumb","itemListElement":[{"@type":"ListItem","position":1,"name":"Start","item":"https:\/\/kanzlei-schueler.de\/de_de\/"},{"@type":"ListItem","position":2,"name":"Verlustausgleichsbeschränkung für Verluste aus gewerblicher Tierzucht\/Tierhaltung in § 15 Abs. 4 Satz 1 und 2 EStG verfassungsgemäß – VI R 29\/24"}]},{"@type":"WebSite","@id":"https:\/\/kanzlei-schueler.de\/#website","url":"https:\/\/kanzlei-schueler.de\/","name":"Kanzlei Schüler in Groß-Gerau | Startseite","description":"Fachanwalt in Steuer und Medizinrecht - Verena Schüler in Groß-Gerau | Steuerbüro | Steuerkanzlei ","potentialAction":[{"@type":"SearchAction","target":{"@type":"EntryPoint","urlTemplate":"https:\/\/kanzlei-schueler.de\/?s={search_term_string}"},"query-input":{"@type":"PropertyValueSpecification","valueRequired":true,"valueName":"search_term_string"}}],"inLanguage":"en-GB"}]}</script>
<!-- / Yoast SEO plugin. -->

Verlustausgleichsbeschränkung für Verluste aus gewerblicher Tierzucht/Tierhaltung in § 15 Abs. 4 Satz 1 und 2 EStG verfassungsgemäß – VI R 29/24 - Fachanwalt in Steuer und Medizinrecht - Verena Schüler in Groß-Gerau | Steuerbüro | Steuerkanzlei

Gericht: Bundesfinanzhof Aktenzeichen: VI R 29/24 Entscheidung vom: 11.06.2026 Veröffentlicht am: 27.08.2026 Senat: VI. Senat Veröffentlichungsart: V Quelle: Originalentscheidung beim Bundesfinanzhof Hinweis: Die Angaben dienen der allgemeinen Information und ersetzen keine individuelle Rechts- oder Steuerberatung.

Fachanwalt in Steuer und Medizinrecht - Verena Schüler in Groß-Gerau | Steuerbüro | Steuerkanzlei

Law firm Schüler in Groß-Gerau | Homepage
